9.
3
Calculate the remainder when 4205 is divided by 168.
5
What is the remainder when 2541 is divided by 611?
97
What is the remainder when 1044798 is divided by 249?
243
What is the remainder when 1224944 is divided by 408309?
17
What is the remainder when 10143487 is divided by 1141?
1138
Calculate the remainder when 1362300 is divided by 612.
600
Calculate the remainder when 740 is divided by 673.
67
Calculate the remainder when 81968 is divided by 361.
21
Calculate the remainder when 23096 is divided by 4506.
566
What is the remainder when 25693 is divided by 12829?
35
Calculate the remainder when 84473 is divided by 98.
95
What is the remainder when 5638 is divided by 88?
6
What is the remainder when 1516 is divided by 381?
373
What is the remainder when 5273 is divided by 5156?
117
What is the remainder when 241077 is divided by 524?
37
Calculate the remainder when 17855 is divided by 1194.
1139
Calculate the remainder when 9452422 is divided by 575.
572
What is the remainder when 52484 is divided by 198?
14
Calculate the remainder when 13353 is divided by 431.
423
What is the remainder when 3176 is divided by 98?
40
What is the remainder when 1694 is divided by 1565?
129
Calculate the remainder when 88205 is divided by 67.
33
What is the remainder when 330322 is divided by 70?
62
Calculate the remainder when 23900 is divided by 488.
476
Calculate the remainder when 49059 is divided by 358.
13
Calculate the remainder when 2122255 is divided by 1264.
1263
Calculate the remainder when 29474 is divided by 25.
24
Calculate the remainder when 16085 is divided by 1071.
20
What is the remainder when 18825 is divided by 990?
15
Calculate the remainder when 1915 is divided by 587.
154
Calculate the remainder when 20302 is divided by 267.
10
What is the remainder when 12113 is divided by 4029?
26
Calculate the remainder when 157304 is divided by 104.
56
What is the remainder when 23420 is divided by 4683?
5
Calculate the remainder when 18452 is divided by 8795.
862
What is the remainder when 38769 is divided by 12921?
6
What is the remainder when 153719 is divided by 275?
269
Calculate the remainder when 9262 is divided by 143.
110
Calculate the remainder when 17887 is divided by 414.
85
What is the remainder when 7338 is divided by 2432?
42
Calculate the remainder when 5588 is divided by 26.
24
What is the remainder when 35965 is divided by 165?
160
What is the remainder when 3325 is divided by 76?
57
What is the remainder when 4587 is divided by 3710?
877
What is the remainder when 4660 is divided by 7?
5
What is the remainder when 5823 is divided by 182?
181
Calculate the remainder when 6577 is divided by 70.
67
Calculate the remainder when 1647 is divided by 678.
291
Calculate the remainder when 2382 is divided by 530.
262
Calculate the remainder when 13670 is divided by 2238.
242
What is the remainder when 3699 is divided by 307?
15
Calculate the remainder when 6194097 is divided by 75.
72
Calculate the remainder when 1371 is divided by 1177.
194
Calculate the remainder when 4475 is divided by 26.
3
What is the remainder when 13744 is divided by 2710?
194
Calculate the remainder when 6277 is divided by 2089.
10
Calculate the remainder when 20648 is divided by 123.
107
Calculate the remainder when 37257 is divided by 2191.
10
What is the remainder when 1087 is divided by 141?
100
Calculate the remainder when 794 is divided by 222.
128
Calculate the remainder when 31978 is divided by 428.
306
What is the remainder when 11218 is divided by 30?
28
Calculate the remainder when 15187 is divided by 4612.
1351
Calculate the remainder when 60362 is divided by 7542.
26
What is the remainder when 187881 is divided by 497?
15
Calculate the remainder when 73839 is divided by 13.
12
Calculate the remainder when 221964 is divided by 35.
29
Calculate the remainder when 1293 is divided by 623.
47
Calculate the remainder when 25264 is divided by 216.
208
What is the remainder when 54597 is divided by 455?
452
Calculate the remainder when 83397 is divided by 300.
297
Calculate the remainder when 278209 is divided by 34773.
25
What is the remainder when 14354 is divided by 31?
1
Calculate the remainder when 13706 is divided by 165.
11
Calculate the remainder when 223767 is divided by 288.
279
Calculate the remainder when 3787 is divided by 190.
177
Calculate the remainder when 44862 is divided by 32.
30
What is the remainder when 39454 is divided by 29?
14
Calculate the remainder when 436590 is divided by 218293.
4
What is the remainder when 246890 is divided by 17?
16
Calculate the remainder when 43192 is divided by 180.
172
What is the remainder when 25297 is divided by 85?
52
Calculate the remainder when 459 is divided by 49.
18
What is the remainder when 9796 is divided by 157?
62
What is the remainder when 4027 is divided by 1291?
154
Calculate the remainder when 692 is divided by 412.
280
What is the remainder when 11273 is divided by 277?
193
Calculate the remainder when 15356 is divided by 512.
508
Calculate the remainder when 1761 is divided by 131.
58
What is the remainder when 7174 is divided by 52?
50
What is the remainder when 1260 is divided by 36?
0
Calculate the remainder when 446 is divided by 43.
16
What is the remainder when 5961 is divided by 31?
9
What is the remainder when 35934 is divided by 8?
6
Calculate the remainder when 1913342 is divided by 18.
14
What is the remainder when 24635 is divided by 2457?
65
What is the remainder when 262 is divided by 64?
6
What is the remainder when 1131 is divided by 167?
129
Calculate the remainder when 156683 is divided by 658.
79
What is the remainder when 10729 is divided by 95?
89
What is the remainder when 122881 is divided by 29?
8
What is the remainder when 440792 is divided by 1160?
1152
What is the remainder when 55450 is divided by 27717?
16
What is the remainder when 19480 is divided by 707?
391
Calculate the remainder when 3563 is divided by 1184.
11
Calculate the remainder when 3639 is divided by 31.
12
Calculate the remainder when 289468 is divided by 14472.
28
What is the remainder when 3283 is divided by 741?
319
What is the remainder when 23706 is divided by 354?
342
Calculate the remainder when 3311 is divided by 1792.
1519
What is the remainder when 12420 is divided by 2179?
1525
What is the remainder when 3748 is divided by 487?
339
Calculate the remainder when 23641 is divided by 407.
35
What is the remainder when 138798 is divided by 20?
18
Calculate the remainder when 10658 is divided by 480.
98
What is the remainder when 1275 is divided by 638?
637
Calculate the remainder when 816 is divided by 194.
40
What is the remainder when 136 is divided by 7?
3
What is the remainder when 17663 is divided by 537?
479
What is the remainder when 31827 is divided by 758?
749
Calculate the remainder when 10809 is divided by 375.
309
Calculate the remainder when 3776 is divided by 5.
1
What is the remainder when 8686 is divided by 542?
14
What is the remainder when 6938 is divided by 365?
3
What is the remainder when 2097 is divided by 494?
121
Calculate the remainder when 1955 is divided by 482.
27
What is the remainder when 1937 is divided by 84?
5
What is the remainder when 558 is divided by 51?
48
What is the remainder when 163952 is divided by 140?
12
What is the remainder when 3338 is divided by 833?
6
What is the remainder when 43798 is divided by 876?
874
What is the remainder when 5082 is divided by 62?
60
What is the remainder when 8696 is divided by 660?
116
What is the remainder when 2645771 is divided by 13?
11
What is the remainder when 2838947 is divided by 4?
3
Calculate the remainder when 45668 is divided by 33.
29
Calculate the remainder when 90234 is divided by 785.
744
Calculate the remainder when 63364 is divided by 165.
4
What is the remainder when 186778 is divided by 20?
18
What is the remainder when 45579 is divided by 6510?
9
What is the remainder when 298138 is divided by 12?
10
Calculate the remainder when 326037 is divided by 326033.
4
What is the remainder when 3713 is divided by 798?
521
What is the remainder when 17379 is divided by 8678?
23
Calculate the remainder when 11695 is divided by 5.
0
What is the remainder when 104388 is divided by 61?
17
What is 